844754?
2, 13, 494029
What are the prime factors of 120815764?
2, 30203941
List the prime factors of 460348300.
2, 5, 4603483
List the prime factors of 124384420.
2, 5, 6219221
List the prime factors of 66446997.
3, 43, 149, 3457
List the prime factors of 1369166833.
37, 41, 89, 10141
List the prime factors of 228939584.
2, 3577181
List the prime factors of 79372277.
1553, 51109
List the prime factors of 70245262.
2, 2267, 15493
What are the prime factors of 26240892?
2, 3, 283, 7727
List the prime factors of 23094693.
3, 855359
List the prime factors of 198704520.
2, 3, 5, 7, 29, 2719
What are the prime factors of 1535758786?
2, 31, 379, 65357
List the prime factors of 612663493.
13, 17, 19, 59, 2473
What are the prime factors of 268036667?
19, 14107193
What are the prime factors of 21476125?
5, 11, 15619
List the prime factors of 1239897122.
2, 619948561
List the prime factors of 46043534.
2, 283, 81349
List the prime factors of 170108942.
2, 397, 214243
List the prime factors of 5260529.
5260529
What are the prime factors of 216143543?
7, 11, 103, 27253
List the prime factors of 1006805500.
2, 5, 59, 34129
List the prime factors of 231673317.
3, 37, 2087147
List the prime factors of 73489091.
13, 5653007
List the prime factors of 2799225504.
2, 3, 101, 96233
What are the prime factors of 1763605?
5, 37, 9533
What are the prime factors of 54276522?
2, 3, 73, 83, 1493
What are the prime factors of 553386270?
2, 3, 5, 31, 595039
What are the prime factors of 102747830?
2, 5, 17, 89, 6791
List the prime factors of 41969494.
2, 7, 2997821
What are the prime factors of 151618959?
3, 1871839
What are the prime factors of 76452349?
17, 127, 2083
List the prime factors of 279930262.
2, 17, 173, 47591
What are the prime factors of 1327440781?
1237, 1073113
List the prime factors of 1395181903.
37, 37707619
List the prime factors of 3285869686.
2, 11, 149357713
List the prime factors of 24144440.
2, 5, 19, 31769
List the prime factors of 7854747438.
2, 3, 1309124573
What are the prime factors of 682751971?
11, 2879, 21559
List the prime factors of 2199655929.
3, 73, 10044091
What are the prime factors of 1377184812?
2, 3, 114765401
What are the prime factors of 117506745?
3, 5, 43, 60727
What are the prime factors of 504744166?
2, 252372083
List the prime factors of 104601189.
3, 7, 11, 73, 6203
What are the prime factors of 555936291?
3, 59, 116329
List the prime factors of 56037829.
883, 63463
What are the prime factors of 91645296?
2, 3, 157, 12161
What are the prime factors of 660976043?
7, 13, 449, 2311
What are the prime factors of 95993445?
3, 5, 107, 59809
What are the prime factors of 2640166248?
2, 3, 110006927
List the prime factors of 423273552.
2, 3, 13, 59, 11497
List the prime factors of 203737093.
7, 29, 1003631
What are the prime factors of 78197848?
2, 47, 207973
List the prime factors of 16091952.
2, 3, 335249
What are the prime factors of 9602418?
2, 3, 7, 97, 2357
What are the prime factors of 189725971?
189725971
What are the prime factors of 103628184?
2, 3, 11, 392531
List the prime factors of 1348949211.
3, 281, 1600177
List the prime factors of 68552522.
2, 83, 412967
What are the prime factors of 1556121890?
2, 5, 155612189
What are the prime factors of 17767346?
2, 17, 522569
List the prime factors of 19784140.
2, 5, 23, 41, 1049
List the prime factors of 244508643.
3, 27167627
What are the prime factors of 3449654183?
3449654183
What are the prime factors of 24743640?
2, 3, 5, 206197
List the prime factors of 238458894.
2, 3, 23, 163, 10601
List the prime factors of 306529343.
306529343
List the prime factors of 99410494.
2, 281, 176887
What are the prime factors of 168064596?
2, 3, 7, 337, 1979
What are the prime factors of 5299521247?
5299521247
List the prime factors of 6190200.
2, 3, 5, 19, 181
List the prime factors of 454165286.
2, 101, 109, 20627
What are the prime factors of 2707320444?
2, 3, 113, 1996549
List the prime factors of 87434435.
5, 11, 79, 20123
What are the prime factors of 380129189?
11, 4093, 8443
List the prime factors of 6818436554.
2, 83, 131, 313549
List the prime factors of 52492909.
7, 7498987
What are the prime factors of 133662989?
281, 475669
What are the prime factors of 2616958000?
2, 5, 31, 42209
What are the prime factors of 2545707228?
2, 3, 17, 31, 89, 4523
List the prime factors of 1990781686.
2, 73, 1543, 8837
List the prime factors of 2842083711.
3, 23, 673, 887
What are the prime factors of 1255053767?
11, 757, 150721
List the prime factors of 31590000.
2, 3, 5, 13
List the prime factors of 180339829.
180339829
List the prime factors of 1865528455.
5, 7, 1663, 32051
What are the prime factors of 63808973?
17, 19, 197551
List the prime factors of 2393479082.
2, 61, 149, 353, 373
What are the prime factors of 225769630?
2, 5, 22576963
What are the prime factors of 57552048?
2, 3, 399667
List the prime factors of 3139495482.
2, 3, 523249247
List the prime factors of 113669303.
11, 10333573
List the prime factors of 2192205805.
5, 2113, 207497
What are the prime factors of 106850404?
2, 26712601
List the prime factors of 57970234.
2, 7, 53, 11161
What are the prime factors of 96943615?
5, 19388723
List the prime factors of 330068001.
3, 5119, 21493
List the prime factors of 1273096349.
7, 19, 9572153
What are the prime factors of 314417265?
3, 5, 67, 193, 1621
List the prime factors of 965438331.
3, 11, 13, 2250439
What are the prime factors of 2445579370?
2, 5, 13, 17, 937, 1181
List the prime factors of 145954815.
3, 5, 109, 89269
List the prime factors of 141981836.
2, 35495459
List the prime factors of 842603908.
2, 2441, 86297
List the prime factors of 44109913.
89, 495617
What are the prime factors of 579220517?
53, 10928689
What are the prime factors of 200618684?
2, 7, 7164953
What are the prime factors of 2001900816?
2, 3, 647, 21487
What are the prime factors of 42619716?
2, 3, 337, 1171
List the prime factors of 312358700.
2, 5, 3123587
List the prime factors of 11929409.
11929409
List the prime factors of 49644555.
3, 5, 3309637
List the prime factors of 3200722.
2, 7, 37, 167
What are the prime factors of 297780210?
2, 3, 5, 7, 13, 103, 353
What are the prime factors of 8757259054?
2, 15527, 282001
What are the prime factors of 203826515?
5, 17, 443, 5413
What are the prime factors of 805114372?
2, 73, 461, 5981
What are the prime factors of 78528631?
431, 182201
List the prime factors of 128226054.
2, 3, 11, 857, 2267
List the prime factors of 9057901.
9057901
List the prime factors of 4195655646.
2, 3, 7, 13, 823, 9337
List the prime factors of 3551069964.
2, 3, 13, 31, 167, 4397
What are the prime factors of 262584461?
262584461
List the prime factors of 64315476.
2, 3, 1786541
List the prime factors of 736043972.
2, 41, 4488073
List the prime factors of 109064453.
109064453
List the prime factors of 2818003005.
3, 5, 137, 457097
List the prime factors of 305736818.
2, 31, 163, 30253
What are the prime factors of 1045900875?
3, 5, 2789069
What are the prime factors of 70295514?
2, 3, 11715919
What are the prime factors of 26491611?
3, 8830537
List the prime factors of 34999142.
2, 17499571
List the prime factors of 1902792088.
2, 19, 227, 55147
List the prime factors of 109936756.
2, 17, 95101
List the prime factors of 37754449.
1669, 22621
What are the prime factors of 10014229?
10014229
What are the prime factors of 36787516?
2, 313, 29383
List the prime factors of 426633654.
2, 3, 79, 349, 2579
What are the prime factors of 52278879?
3, 17426293
List the prime factors of 41672129.
127, 328127
List the prime factors of 914564276.
2, 2017, 113357
What are the prime factors of 1496879479?
149, 10046171
List the prime factors of 197438467.
29, 6808223
List the prime factors of 29038284.
2, 3, 11, 24443
What are the prime factors of 49208867?
49208867
What are the prime factors of 7895227580?
2, 5, 877, 450127
What are the prime factors of 659060326?
2, 59, 509, 10973
List the prime factors of 2069108164.
2, 97, 5332753
What are the prime factors of 41940877?
11, 3812807
What are the prime factors of 335884649?
83, 4046803
List the prime factors of 6680521905.
3, 5, 1427, 312101
What are the prime factors of 41931558?
2, 3, 251, 9281
List the prime factors of 1668049